{"version":"1.0","provider_name":"Docteur Daniel Meunier chirurgie esth&eacute;tique &agrave; Gen&egrave;ve","provider_url":"https:\/\/docteurmeunier.ch\/en\/","author_name":"Daniel Meunier","author_url":"https:\/\/docteurmeunier.ch\/en\/author\/danielclinic135-be\/","title":"Tout ce que vous devez savoir avant de prendre la d\u00e9cision de faire un lifting cervico-facial - Docteur Daniel Meunier chirurgie esth&eacute;tique &agrave; Gen&egrave;ve","type":"rich","width":600,"height":338,"html":"<blockquote class=\"wp-embedded-content\" data-secret=\"VKfZ1yvG7U\"><a href=\"https:\/\/docteurmeunier.ch\/en\/chirurgie-esthetique\/questions-lifting\/\">Tout ce que vous devez savoir avant de prendre la d\u00e9cision de faire un lifting cervico-facial<\/a><\/blockquote><iframe sandbox=\"allow-scripts\" security=\"restricted\" src=\"https:\/\/docteurmeunier.ch\/en\/chirurgie-esthetique\/questions-lifting\/embed\/#?secret=VKfZ1yvG7U\" width=\"600\" height=\"338\" title=\"&#8220;Tout ce que vous devez savoir avant de prendre la d\u00e9cision de faire un lifting cervico-facial&#8221; &#8212; Docteur Daniel Meunier chirurgie esth&eacute;tique &agrave; Gen&egrave;ve\" data-secret=\"VKfZ1yvG7U\" frameborder=\"0\" marginwidth=\"0\" marginheight=\"0\" scrolling=\"no\" class=\"wp-embedded-content\"><\/iframe><script type=\"text\/javascript\">\n\/* <![CDATA[ *\/\n\/*! This file is auto-generated *\/\n!function(d,l){\"use strict\";l.querySelector&&d.addEventListener&&\"undefined\"!=typeof URL&&(d.wp=d.wp||{},d.wp.receiveEmbedMessage||(d.wp.receiveEmbedMessage=function(e){var t=e.data;if((t||t.secret||t.message||t.value)&&!\/[^a-zA-Z0-9]\/.test(t.secret)){for(var s,r,n,a=l.querySelectorAll('iframe[data-secret=\"'+t.secret+'\"]'),o=l.querySelectorAll('blockquote[data-secret=\"'+t.secret+'\"]'),c=new RegExp(\"^https?:$\",\"i\"),i=0;i<o.length;i++)o[i].style.display=\"none\";for(i=0;i<a.length;i++)s=a[i],e.source===s.contentWindow&&(s.removeAttribute(\"style\"),\"height\"===t.message?(1e3<(r=parseInt(t.value,10))?r=1e3:~~r<200&&(r=200),s.height=r):\"link\"===t.message&&(r=new URL(s.getAttribute(\"src\")),n=new URL(t.value),c.test(n.protocol))&&n.host===r.host&&l.activeElement===s&&(d.top.location.href=t.value))}},d.addEventListener(\"message\",d.wp.receiveEmbedMessage,!1),l.addEventListener(\"DOMContentLoaded\",function(){for(var e,t,s=l.querySelectorAll(\"iframe.wp-embedded-content\"),r=0;r<s.length;r++)(t=(e=s[r]).getAttribute(\"data-secret\"))||(t=Math.random().toString(36).substring(2,12),e.src+=\"#?secret=\"+t,e.setAttribute(\"data-secret\",t)),e.contentWindow.postMessage({message:\"ready\",secret:t},\"*\")},!1)))}(window,document);\n\/* ]]> *\/\n<\/script>\n","thumbnail_url":"https:\/\/docteurmeunier.ch\/wp-content\/uploads\/2018\/08\/lifting.jpg","thumbnail_width":1000,"thumbnail_height":900,"description":"Vous trouverez ici les r\u00e9ponses \u00a0\u00e0 certaines des questions les plus fr\u00e9quemment pos\u00e9es sur la fa\u00e7on d' aborder une chirurgie faciale. Cela vous permettra certainement d'appr\u00e9hender si un lifting peut vous convenir et comment obtenir le meilleur r\u00e9sultat possible et durable."}

Tout ce que vous devez savoir avant de prendre la décision de faire un lifting cervico-facial - Docteur Daniel Meunier chirurgie esth&eacute;tique &agrave; Gen&egrave;ve

<blockquote class="wp-embedded-content" data-secret="VKfZ1yvG7U"><a href="https://docteurmeunier.ch/en/chirurgie-esthetique/questions-lifting/">Tout ce que vous devez savoir avant de prendre la décision de faire un lifting cervico-facial</a></blockquote><iframe sandbox="allow-scripts" security="restricted" src="https://docteurmeunier.ch/en/chirurgie-esthetique/questions-lifting/embed/#?secret=VKfZ1yvG7U" width="600" height="338" title="&#8220;Tout ce que vous devez savoir avant de prendre la décision de faire un lifting cervico-facial&#8221; &#8212; Docteur Daniel Meunier chirurgie esth&eacute;tique &agrave; Gen&egrave;ve" data-secret="VKfZ1yvG7U" frameborder="0" marginwidth="0" marginheight="0" scrolling="no" class="wp-embedded-content"></iframe><script type="text/javascript">
/* <![CDATA[ */
/*! This file is auto-generated */
!function(d,l){"use strict";l.querySelector&&d.addEventListener&&"undefined"!=typeof URL&&(d.wp=d.wp||{},d.wp.receiveEmbedMessage||(d.wp.receiveEmbedMessage=function(e){var t=e.data;if((t||t.secret||t.message||t.value)&&!/[^a-zA-Z0-9]/.test(t.secret)){for(var s,r,n,a=l.querySelectorAll('iframe[data-secret="'+t.secret+'"]'),o=l.querySelectorAll('blockquote[data-secret="'+t.secret+'"]'),c=new RegExp("^https?:$","i"),i=0;i<o.length;i++)o[i].style.display="none";for(i=0;i<a.length;i++)s=a[i],e.source===s.contentWindow&&(s.removeAttribute("style"),"height"===t.message?(1e3<(r=parseInt(t.value,10))?r=1e3:~~r<200&&(r=200),s.height=r):"link"===t.message&&(r=new URL(s.getAttribute("src")),n=new URL(t.value),c.test(n.protocol))&&n.host===r.host&&l.activeElement===s&&(d.top.location.href=t.value))}},d.addEventListener("message",d.wp.receiveEmbedMessage,!1),l.addEventListener("DOMContentLoaded",function(){for(var e,t,s=l.querySelectorAll("iframe.wp-embedded-content"),r=0;r<s.length;r++)(t=(e=s[r]).getAttribute("data-secret"))||(t=Math.random().toString(36).substring(2,12),e.src+="#?secret="+t,e.setAttribute("data-secret",t)),e.contentWindow.postMessage({message:"ready",secret:t},"*")},!1)))}(window,document);
/* ]]> */
</script>

Vous trouverez ici les réponses  à certaines des questions les plus fréquemment posées sur la façon d' aborder une chirurgie faciale. Cela vous permettra certainement d'appréhender si un lifting peut vous convenir et comment obtenir le meilleur résultat possible et durable.
