{"version":"1.0","provider_name":"Docteur Daniel Meunier chirurgie esth&eacute;tique &agrave; Gen&egrave;ve","provider_url":"https:\/\/docteurmeunier.ch\/en\/","author_name":"Daniel Meunier","author_url":"https:\/\/docteurmeunier.ch\/en\/author\/danielclinic135-be\/","title":"Rajeunissement du visage: Quel traitement et \u00e0 quel \u00e2ge - choisir le bon moment - Docteur Daniel Meunier chirurgie esth&eacute;tique &agrave; Gen&egrave;ve %","type":"rich","width":600,"height":338,"html":"<blockquote class=\"wp-embedded-content\" data-secret=\"WgofsMAv7C\"><a href=\"https:\/\/docteurmeunier.ch\/en\/non-classifiee\/rajeunissement-du-visage-choisir-le-bon-moment\/\">Rajeunissement du visage: Quel traitement et \u00e0 quel \u00e2ge &#8211; choisir le bon moment<\/a><\/blockquote><iframe sandbox=\"allow-scripts\" security=\"restricted\" src=\"https:\/\/docteurmeunier.ch\/en\/non-classifiee\/rajeunissement-du-visage-choisir-le-bon-moment\/embed\/#?secret=WgofsMAv7C\" width=\"600\" height=\"338\" title=\"&#8220;Rajeunissement du visage: Quel traitement et \u00e0 quel \u00e2ge &#8211; choisir le bon moment&#8221; &#8212; Docteur Daniel Meunier chirurgie esth&eacute;tique &agrave; Gen&egrave;ve\" data-secret=\"WgofsMAv7C\" frameborder=\"0\" marginwidth=\"0\" marginheight=\"0\" scrolling=\"no\" class=\"wp-embedded-content\"><\/iframe><script type=\"text\/javascript\">\n\/* <![CDATA[ *\/\n\/*! This file is auto-generated *\/\n!function(d,l){\"use strict\";l.querySelector&&d.addEventListener&&\"undefined\"!=typeof URL&&(d.wp=d.wp||{},d.wp.receiveEmbedMessage||(d.wp.receiveEmbedMessage=function(e){var t=e.data;if((t||t.secret||t.message||t.value)&&!\/[^a-zA-Z0-9]\/.test(t.secret)){for(var s,r,n,a=l.querySelectorAll('iframe[data-secret=\"'+t.secret+'\"]'),o=l.querySelectorAll('blockquote[data-secret=\"'+t.secret+'\"]'),c=new RegExp(\"^https?:$\",\"i\"),i=0;i<o.length;i++)o[i].style.display=\"none\";for(i=0;i<a.length;i++)s=a[i],e.source===s.contentWindow&&(s.removeAttribute(\"style\"),\"height\"===t.message?(1e3<(r=parseInt(t.value,10))?r=1e3:~~r<200&&(r=200),s.height=r):\"link\"===t.message&&(r=new URL(s.getAttribute(\"src\")),n=new URL(t.value),c.test(n.protocol))&&n.host===r.host&&l.activeElement===s&&(d.top.location.href=t.value))}},d.addEventListener(\"message\",d.wp.receiveEmbedMessage,!1),l.addEventListener(\"DOMContentLoaded\",function(){for(var e,t,s=l.querySelectorAll(\"iframe.wp-embedded-content\"),r=0;r<s.length;r++)(t=(e=s[r]).getAttribute(\"data-secret\"))||(t=Math.random().toString(36).substring(2,12),e.src+=\"#?secret=\"+t,e.setAttribute(\"data-secret\",t)),e.contentWindow.postMessage({message:\"ready\",secret:t},\"*\")},!1)))}(window,document);\n\/* ]]> *\/\n<\/script>\n","thumbnail_url":"https:\/\/docteurmeunier.ch\/wp-content\/uploads\/2020\/11\/vieillissement-c77a27-01x.jpeg","thumbnail_width":1024,"thumbnail_height":576,"description":"Une chirurgie de rajeunissement du visage n\u2019est pas \u00e0 prendre \u00e0 la l\u00e9g\u00e8re. Il faut trouver un praticien qui pourra vous mettre en confiance et vous expliquer les d\u00e9tails des diff\u00e9rentes proc\u00e8dures. Avant d\u2019aller \u00e0 sa rencontre, vous vous demandez peut-\u00eatre quel est le meilleur moment pour r\u00e9aliser les traitements que vous souhaitez."}

Rajeunissement du visage: Quel traitement et à quel âge - choisir le bon moment - Docteur Daniel Meunier chirurgie esth&eacute;tique &agrave; Gen&egrave;ve %

<blockquote class="wp-embedded-content" data-secret="WgofsMAv7C"><a href="https://docteurmeunier.ch/en/non-classifiee/rajeunissement-du-visage-choisir-le-bon-moment/">Rajeunissement du visage: Quel traitement et à quel âge &#8211; choisir le bon moment</a></blockquote><iframe sandbox="allow-scripts" security="restricted" src="https://docteurmeunier.ch/en/non-classifiee/rajeunissement-du-visage-choisir-le-bon-moment/embed/#?secret=WgofsMAv7C" width="600" height="338" title="&#8220;Rajeunissement du visage: Quel traitement et à quel âge &#8211; choisir le bon moment&#8221; &#8212; Docteur Daniel Meunier chirurgie esth&eacute;tique &agrave; Gen&egrave;ve" data-secret="WgofsMAv7C" frameborder="0" marginwidth="0" marginheight="0" scrolling="no" class="wp-embedded-content"></iframe><script type="text/javascript">
/* <![CDATA[ */
/*! This file is auto-generated */
!function(d,l){"use strict";l.querySelector&&d.addEventListener&&"undefined"!=typeof URL&&(d.wp=d.wp||{},d.wp.receiveEmbedMessage||(d.wp.receiveEmbedMessage=function(e){var t=e.data;if((t||t.secret||t.message||t.value)&&!/[^a-zA-Z0-9]/.test(t.secret)){for(var s,r,n,a=l.querySelectorAll('iframe[data-secret="'+t.secret+'"]'),o=l.querySelectorAll('blockquote[data-secret="'+t.secret+'"]'),c=new RegExp("^https?:$","i"),i=0;i<o.length;i++)o[i].style.display="none";for(i=0;i<a.length;i++)s=a[i],e.source===s.contentWindow&&(s.removeAttribute("style"),"height"===t.message?(1e3<(r=parseInt(t.value,10))?r=1e3:~~r<200&&(r=200),s.height=r):"link"===t.message&&(r=new URL(s.getAttribute("src")),n=new URL(t.value),c.test(n.protocol))&&n.host===r.host&&l.activeElement===s&&(d.top.location.href=t.value))}},d.addEventListener("message",d.wp.receiveEmbedMessage,!1),l.addEventListener("DOMContentLoaded",function(){for(var e,t,s=l.querySelectorAll("iframe.wp-embedded-content"),r=0;r<s.length;r++)(t=(e=s[r]).getAttribute("data-secret"))||(t=Math.random().toString(36).substring(2,12),e.src+="#?secret="+t,e.setAttribute("data-secret",t)),e.contentWindow.postMessage({message:"ready",secret:t},"*")},!1)))}(window,document);
/* ]]> */
</script>

Une chirurgie de rajeunissement du visage n’est pas à prendre à la légère. Il faut trouver un praticien qui pourra vous mettre en confiance et vous expliquer les détails des différentes procèdures. Avant d’aller à sa rencontre, vous vous demandez peut-être quel est le meilleur moment pour réaliser les traitements que vous souhaitez.
