{"version":"1.0","provider_name":"Docteur Daniel Meunier chirurgie esth&eacute;tique &agrave; Gen&egrave;ve","provider_url":"https:\/\/docteurmeunier.ch\/en\/","author_name":"Irene Marie","author_url":"https:\/\/docteurmeunier.ch\/en\/author\/clinic135\/","title":"Une mine radieuse pour le printemps\u2026 - Docteur Daniel Meunier chirurgie esth&eacute;tique &agrave; Gen&egrave;ve","type":"rich","width":600,"height":338,"html":"<blockquote class=\"wp-embedded-content\" data-secret=\"o0tXdOZxo3\"><a href=\"https:\/\/docteurmeunier.ch\/en\/non-classifiee\/une-mine-radieuse-pour-le-printemps\/\">Une mine radieuse pour le printemps\u2026<\/a><\/blockquote><iframe sandbox=\"allow-scripts\" security=\"restricted\" src=\"https:\/\/docteurmeunier.ch\/en\/non-classifiee\/une-mine-radieuse-pour-le-printemps\/embed\/#?secret=o0tXdOZxo3\" width=\"600\" height=\"338\" title=\"&#8220;Une mine radieuse pour le printemps\u2026&#8221; &#8212; Docteur Daniel Meunier chirurgie esth&eacute;tique &agrave; Gen&egrave;ve\" data-secret=\"o0tXdOZxo3\" frameborder=\"0\" marginwidth=\"0\" marginheight=\"0\" scrolling=\"no\" class=\"wp-embedded-content\"><\/iframe><script type=\"text\/javascript\">\n\/* <![CDATA[ *\/\n\/*! This file is auto-generated *\/\n!function(d,l){\"use strict\";l.querySelector&&d.addEventListener&&\"undefined\"!=typeof URL&&(d.wp=d.wp||{},d.wp.receiveEmbedMessage||(d.wp.receiveEmbedMessage=function(e){var t=e.data;if((t||t.secret||t.message||t.value)&&!\/[^a-zA-Z0-9]\/.test(t.secret)){for(var s,r,n,a=l.querySelectorAll('iframe[data-secret=\"'+t.secret+'\"]'),o=l.querySelectorAll('blockquote[data-secret=\"'+t.secret+'\"]'),c=new RegExp(\"^https?:$\",\"i\"),i=0;i<o.length;i++)o[i].style.display=\"none\";for(i=0;i<a.length;i++)s=a[i],e.source===s.contentWindow&&(s.removeAttribute(\"style\"),\"height\"===t.message?(1e3<(r=parseInt(t.value,10))?r=1e3:~~r<200&&(r=200),s.height=r):\"link\"===t.message&&(r=new URL(s.getAttribute(\"src\")),n=new URL(t.value),c.test(n.protocol))&&n.host===r.host&&l.activeElement===s&&(d.top.location.href=t.value))}},d.addEventListener(\"message\",d.wp.receiveEmbedMessage,!1),l.addEventListener(\"DOMContentLoaded\",function(){for(var e,t,s=l.querySelectorAll(\"iframe.wp-embedded-content\"),r=0;r<s.length;r++)(t=(e=s[r]).getAttribute(\"data-secret\"))||(t=Math.random().toString(36).substring(2,12),e.src+=\"#?secret=\"+t,e.setAttribute(\"data-secret\",t)),e.contentWindow.postMessage({message:\"ready\",secret:t},\"*\")},!1)))}(window,document);\n\/* ]]> *\/\n<\/script>\n","thumbnail_url":"https:\/\/docteurmeunier.ch\/wp-content\/uploads\/2016\/11\/home-mob-e1494139655358.jpg","thumbnail_width":501,"thumbnail_height":714,"description":"Avoir un teint \u00e9clatant est donn\u00e9 \u00e0 tout le monde ! Certes, pour des probl\u00e8mes sp\u00e9cifiques profonds, rien ne vaut un peeling r\u00e9alis\u00e9 par un m\u00e9decin esth\u00e9tique, mais il est d\u00e9j\u00e0 possible d\u2019obtenir une nette am\u00e9lioration en adoptant, chez soi, certains gestes. Premi\u00e8re chose \u00e0 faire : se d\u00e9barrasser des cellules \u00e9pidermiques mortes. La raison [&hellip;]"}

Avoir un teint éclatant est donné à tout le monde ! Certes, pour des problèmes spécifiques profonds, rien ne vaut un peeling réalisé par un médecin esthétique, mais il est déjà possible d’obtenir une nette amélioration en adoptant, chez soi, certains gestes. Première chose à faire : se débarrasser des cellules épidermiques mortes. La raison [&hellip;]
