{"version":"1.0","provider_name":"Docteur Daniel Meunier chirurgie esth&eacute;tique &agrave; Gen&egrave;ve","provider_url":"https:\/\/docteurmeunier.ch\/ru\/","author_name":"Irene Marie","author_url":"https:\/\/docteurmeunier.ch\/ru\/author\/clinic135\/","title":"Corriger un menton vieillissant - Docteur Daniel Meunier chirurgie esth&eacute;tique &agrave; Gen&egrave;ve","type":"rich","width":600,"height":338,"html":"<blockquote class=\"wp-embedded-content\" data-secret=\"lZAisrvbpQ\"><a href=\"https:\/\/docteurmeunier.ch\/ru\/non-classifiee\/corriger-un-menton-vieillissant\/\">Corriger un menton vieillissant<\/a><\/blockquote><iframe sandbox=\"allow-scripts\" security=\"restricted\" src=\"https:\/\/docteurmeunier.ch\/ru\/non-classifiee\/corriger-un-menton-vieillissant\/embed\/#?secret=lZAisrvbpQ\" width=\"600\" height=\"338\" title=\"\u00abCorriger un menton vieillissant\u00bb &#8212; Docteur Daniel Meunier chirurgie esth&eacute;tique &agrave; Gen&egrave;ve\" data-secret=\"lZAisrvbpQ\" frameborder=\"0\" marginwidth=\"0\" marginheight=\"0\" scrolling=\"no\" class=\"wp-embedded-content\"><\/iframe><script type=\"text\/javascript\">\n\/* <![CDATA[ *\/\n\/*! This file is auto-generated *\/\n!function(d,l){\"use strict\";l.querySelector&&d.addEventListener&&\"undefined\"!=typeof URL&&(d.wp=d.wp||{},d.wp.receiveEmbedMessage||(d.wp.receiveEmbedMessage=function(e){var t=e.data;if((t||t.secret||t.message||t.value)&&!\/[^a-zA-Z0-9]\/.test(t.secret)){for(var s,r,n,a=l.querySelectorAll('iframe[data-secret=\"'+t.secret+'\"]'),o=l.querySelectorAll('blockquote[data-secret=\"'+t.secret+'\"]'),c=new RegExp(\"^https?:$\",\"i\"),i=0;i<o.length;i++)o[i].style.display=\"none\";for(i=0;i<a.length;i++)s=a[i],e.source===s.contentWindow&&(s.removeAttribute(\"style\"),\"height\"===t.message?(1e3<(r=parseInt(t.value,10))?r=1e3:~~r<200&&(r=200),s.height=r):\"link\"===t.message&&(r=new URL(s.getAttribute(\"src\")),n=new URL(t.value),c.test(n.protocol))&&n.host===r.host&&l.activeElement===s&&(d.top.location.href=t.value))}},d.addEventListener(\"message\",d.wp.receiveEmbedMessage,!1),l.addEventListener(\"DOMContentLoaded\",function(){for(var e,t,s=l.querySelectorAll(\"iframe.wp-embedded-content\"),r=0;r<s.length;r++)(t=(e=s[r]).getAttribute(\"data-secret\"))||(t=Math.random().toString(36).substring(2,12),e.src+=\"#?secret=\"+t,e.setAttribute(\"data-secret\",t)),e.contentWindow.postMessage({message:\"ready\",secret:t},\"*\")},!1)))}(window,document);\n\/* ]]> *\/\n<\/script>\n","thumbnail_url":"https:\/\/docteurmeunier.ch\/wp-content\/uploads\/2016\/02\/menton.png","thumbnail_width":432,"thumbnail_height":538,"description":"Toutes les parties du visage sont touch\u00e9es par les signes de l\u2019\u00e2ge avan\u00e7ant. Le menton n\u2019\u00e9chappe pas \u00e0 la r\u00e8gle. \u00ab\u00a0En vieillissant, il a tendance \u00e0 remonter, ce qui n\u2019est pas toujours tr\u00e8s esth\u00e9tique, m\u00eame sans aller jusqu\u2019au profil de sorci\u00e8re des dessins anim\u00e9s\u00a0\u00bb, peut-on lire dans \u00ab\u00a0Madame Figaro\u00a0\u00bb. La solution ? \u00ab\u00a0Il suffit d\u2019injecter [&hellip;]"}

Toutes les parties du visage sont touchées par les signes de l’âge avançant. Le menton n’échappe pas à la règle. « En vieillissant, il a tendance à remonter, ce qui n’est pas toujours très esthétique, même sans aller jusqu’au profil de sorcière des dessins animés », peut-on lire dans « Madame Figaro ». La solution ? « Il suffit d’injecter [&hellip;]
