{"version":"1.0","provider_name":"Docteur Daniel Meunier chirurgie esth&eacute;tique &agrave; Gen&egrave;ve","provider_url":"https:\/\/docteurmeunier.ch\/ru\/","author_name":"Daniel Meunier","author_url":"https:\/\/docteurmeunier.ch\/ru\/author\/danielclinic135-be\/","title":"L'\u00c2GE, ON S'EN TAPE VRAIMENT ? - Docteur Daniel Meunier chirurgie esth&eacute;tique &agrave; Gen&egrave;ve","type":"rich","width":600,"height":338,"html":"<blockquote class=\"wp-embedded-content\" data-secret=\"HnZhsyz17Q\"><a href=\"https:\/\/docteurmeunier.ch\/ru\/non-classifiee\/age-tape-vraiment\/\">L&#8217;\u00c2GE, ON S&#8217;EN TAPE VRAIMENT ?<\/a><\/blockquote><iframe sandbox=\"allow-scripts\" security=\"restricted\" src=\"https:\/\/docteurmeunier.ch\/ru\/non-classifiee\/age-tape-vraiment\/embed\/#?secret=HnZhsyz17Q\" width=\"600\" height=\"338\" title=\"\u00abL&#8217;\u00c2GE, ON S&#8217;EN TAPE VRAIMENT ?\u00bb &#8212; Docteur Daniel Meunier chirurgie esth&eacute;tique &agrave; Gen&egrave;ve\" data-secret=\"HnZhsyz17Q\" frameborder=\"0\" marginwidth=\"0\" marginheight=\"0\" scrolling=\"no\" class=\"wp-embedded-content\"><\/iframe><script type=\"text\/javascript\">\n\/* <![CDATA[ *\/\n\/*! This file is auto-generated *\/\n!function(d,l){\"use strict\";l.querySelector&&d.addEventListener&&\"undefined\"!=typeof URL&&(d.wp=d.wp||{},d.wp.receiveEmbedMessage||(d.wp.receiveEmbedMessage=function(e){var t=e.data;if((t||t.secret||t.message||t.value)&&!\/[^a-zA-Z0-9]\/.test(t.secret)){for(var s,r,n,a=l.querySelectorAll('iframe[data-secret=\"'+t.secret+'\"]'),o=l.querySelectorAll('blockquote[data-secret=\"'+t.secret+'\"]'),c=new RegExp(\"^https?:$\",\"i\"),i=0;i<o.length;i++)o[i].style.display=\"none\";for(i=0;i<a.length;i++)s=a[i],e.source===s.contentWindow&&(s.removeAttribute(\"style\"),\"height\"===t.message?(1e3<(r=parseInt(t.value,10))?r=1e3:~~r<200&&(r=200),s.height=r):\"link\"===t.message&&(r=new URL(s.getAttribute(\"src\")),n=new URL(t.value),c.test(n.protocol))&&n.host===r.host&&l.activeElement===s&&(d.top.location.href=t.value))}},d.addEventListener(\"message\",d.wp.receiveEmbedMessage,!1),l.addEventListener(\"DOMContentLoaded\",function(){for(var e,t,s=l.querySelectorAll(\"iframe.wp-embedded-content\"),r=0;r<s.length;r++)(t=(e=s[r]).getAttribute(\"data-secret\"))||(t=Math.random().toString(36).substring(2,12),e.src+=\"#?secret=\"+t,e.setAttribute(\"data-secret\",t)),e.contentWindow.postMessage({message:\"ready\",secret:t},\"*\")},!1)))}(window,document);\n\/* ]]> *\/\n<\/script>\n","thumbnail_url":"https:\/\/docteurmeunier.ch\/wp-content\/uploads\/2017\/03\/age.jpg","thumbnail_width":440,"thumbnail_height":241,"description":"L\u2019\u00e2ge, on s\u2019en tape vraiment ? Les ann\u00e9es passent, les codes changent, et c\u2019est plus que certainement le cas en mati\u00e8re de beaut\u00e9. D\u00e9sormais, \u00ab le soleil est devenu le responsable num\u00e9ro un du vieillissement de la peau \u00bb, lit-on dans \u00ab Elle \u00bb. Et \u00ab celles qui traquaient le gras raffolent aujourd\u2019hui des sardines [&hellip;]"}

L'ÂGE, ON S'EN TAPE VRAIMENT ? - Docteur Daniel Meunier chirurgie esth&eacute;tique &agrave; Gen&egrave;ve

<blockquote class="wp-embedded-content" data-secret="HnZhsyz17Q"><a href="https://docteurmeunier.ch/ru/non-classifiee/age-tape-vraiment/">L&#8217;ÂGE, ON S&#8217;EN TAPE VRAIMENT ?</a></blockquote><iframe sandbox="allow-scripts" security="restricted" src="https://docteurmeunier.ch/ru/non-classifiee/age-tape-vraiment/embed/#?secret=HnZhsyz17Q" width="600" height="338" title="«L&#8217;ÂGE, ON S&#8217;EN TAPE VRAIMENT ?» &#8212; Docteur Daniel Meunier chirurgie esth&eacute;tique &agrave; Gen&egrave;ve" data-secret="HnZhsyz17Q" frameborder="0" marginwidth="0" marginheight="0" scrolling="no" class="wp-embedded-content"></iframe><script type="text/javascript">
/* <![CDATA[ */
/*! This file is auto-generated */
!function(d,l){"use strict";l.querySelector&&d.addEventListener&&"undefined"!=typeof URL&&(d.wp=d.wp||{},d.wp.receiveEmbedMessage||(d.wp.receiveEmbedMessage=function(e){var t=e.data;if((t||t.secret||t.message||t.value)&&!/[^a-zA-Z0-9]/.test(t.secret)){for(var s,r,n,a=l.querySelectorAll('iframe[data-secret="'+t.secret+'"]'),o=l.querySelectorAll('blockquote[data-secret="'+t.secret+'"]'),c=new RegExp("^https?:$","i"),i=0;i<o.length;i++)o[i].style.display="none";for(i=0;i<a.length;i++)s=a[i],e.source===s.contentWindow&&(s.removeAttribute("style"),"height"===t.message?(1e3<(r=parseInt(t.value,10))?r=1e3:~~r<200&&(r=200),s.height=r):"link"===t.message&&(r=new URL(s.getAttribute("src")),n=new URL(t.value),c.test(n.protocol))&&n.host===r.host&&l.activeElement===s&&(d.top.location.href=t.value))}},d.addEventListener("message",d.wp.receiveEmbedMessage,!1),l.addEventListener("DOMContentLoaded",function(){for(var e,t,s=l.querySelectorAll("iframe.wp-embedded-content"),r=0;r<s.length;r++)(t=(e=s[r]).getAttribute("data-secret"))||(t=Math.random().toString(36).substring(2,12),e.src+="#?secret="+t,e.setAttribute("data-secret",t)),e.contentWindow.postMessage({message:"ready",secret:t},"*")},!1)))}(window,document);
/* ]]> */
</script>

L’âge, on s’en tape vraiment ? Les années passent, les codes changent, et c’est plus que certainement le cas en matière de beauté. Désormais, « le soleil est devenu le responsable numéro un du vieillissement de la peau », lit-on dans « Elle ». Et « celles qui traquaient le gras raffolent aujourd’hui des sardines [&hellip;]
